{"id":43728,"date":"2024-10-10T14:38:50","date_gmt":"2024-10-10T13:38:50","guid":{"rendered":"https:\/\/www.blue-aqua-sports.de\/?post_type=product&#038;p=43728"},"modified":"2026-03-03T20:43:29","modified_gmt":"2026-03-03T19:43:29","slug":"funkita-spring-sun-tri-top-strandbikini","status":"publish","type":"product","link":"https:\/\/www.blue-aqua-sports.de\/?product=funkita-spring-sun-tri-top-strandbikini","title":{"rendered":"Funkita\u00ae Spring Sun Tri Top Strandbikini"},"content":{"rendered":"<div class=\"wrapper\"><div  class=\"column-section clearfix spaced-normal  col-align-top no-anim\"><div  class=\"column one-full last-col  col1 no-anim\" >\n<div class=\"accordion\">\t<div class=\"toggle-item\">\n\t\t\t\t<div class=\"toggle-title toggle-active\">\n\t\t\t\t\t<h6 class=\"toggle-name\">Merkmale<\/h6>\n\t\t\t\t\t<span class=\"plus\">\n\t\t\t\t\t\t<svg xmlns=\"http:\/\/www.w3.org\/2000\/svg\" viewBox=\"0 0 8.8 8.9\">\n\t\t\t\t\t\t<path d=\"M8.3,3.8H5.2V0.7C5.2,0.3,4.8,0,4.5,0h0C4.1,0,3.8,0.3,3.8,0.7v3.1H0.7C0.3,3.8,0,4.1,0,4.5v0\n\t\t\t\t\t\t\tc0,0.4,0.3,0.7,0.7,0.7h3.1v3.1c0,0.4,0.3,0.7,0.7,0.7h0c0.4,0,0.7-0.3,0.7-0.7V5.2h3.1c0.4,0,0.7-0.3,0.7-0.7v0\n\t\t\t\t\t\t\tC8.9,4.1,8.6,3.8,8.3,3.8z\"\/>\n\t\t\t\t\t\t<\/svg>\n\t\t\t\t\t<\/span>\n\t\t\t\t\t<span class=\"minus\">\n\t\t\t\t\t\t<svg xmlns=\"http:\/\/www.w3.org\/2000\/svg\" viewBox=\"0 0 8.9 9\">\n\t\t\t\t\t\t<path d=\"M8.3,5.2H0.7C0.3,5.2,0,4.8,0,4.5l0,0c0-0.4,0.3-0.7,0.7-0.7h7.6c0.4,0,0.7,0.3,0.7,0.7v0 C8.9,4.8,8.6,5.2,8.3,5.2z\"\/>\n\t\t\t\t\t\t<\/svg>\n\t\t\t\t\t<\/span>\n\t\t\t\t<\/div>\n\t\t\t\t<div class=\"toggle-inner\">Funkitas\u00ae \u201eStrandbikini\u201c, der \u201eTri Top\u201c besteht aus einem Triangular\u2013Top mit schmalen Single-Strap-Tr\u00e4gern, die im R\u00fccken \u00fcberkreuz gebunden werden. Das Oberteil ist damit sehr individuell anzupassen.<br \/>\nKomplettiert wird das Set durch eine knappe, schmale Hipster-Hose mit moderatem Beinausschnitt und \u2013 ganz wichtig \u2013 mit einem Innenzugband.<br \/>\nDie Vorderseiten beider Teile sind blickdicht gef\u00fcttert. Ein absoluter Blickfang f\u00fcr Sport, Spa\u00df und Sonnenbaden am Strand oder Pool.<\/p>\n<p>&nbsp;<\/p>\n<ul>\n<li>Digital-Druck.<\/li>\n<li>Designed in Australia.<\/li>\n<\/ul>\n<\/div>\n\t\t\t<\/div>\t<div class=\"toggle-item\">\n\t\t\t\t<div class=\"toggle-title \">\n\t\t\t\t\t<h6 class=\"toggle-name\">Material<\/h6>\n\t\t\t\t\t<span class=\"plus\">\n\t\t\t\t\t\t<svg xmlns=\"http:\/\/www.w3.org\/2000\/svg\" viewBox=\"0 0 8.8 8.9\">\n\t\t\t\t\t\t<path d=\"M8.3,3.8H5.2V0.7C5.2,0.3,4.8,0,4.5,0h0C4.1,0,3.8,0.3,3.8,0.7v3.1H0.7C0.3,3.8,0,4.1,0,4.5v0\n\t\t\t\t\t\t\tc0,0.4,0.3,0.7,0.7,0.7h3.1v3.1c0,0.4,0.3,0.7,0.7,0.7h0c0.4,0,0.7-0.3,0.7-0.7V5.2h3.1c0.4,0,0.7-0.3,0.7-0.7v0\n\t\t\t\t\t\t\tC8.9,4.1,8.6,3.8,8.3,3.8z\"\/>\n\t\t\t\t\t\t<\/svg>\n\t\t\t\t\t<\/span>\n\t\t\t\t\t<span class=\"minus\">\n\t\t\t\t\t\t<svg xmlns=\"http:\/\/www.w3.org\/2000\/svg\" viewBox=\"0 0 8.9 9\">\n\t\t\t\t\t\t<path d=\"M8.3,5.2H0.7C0.3,5.2,0,4.8,0,4.5l0,0c0-0.4,0.3-0.7,0.7-0.7h7.6c0.4,0,0.7,0.3,0.7,0.7v0 C8.9,4.8,8.6,5.2,8.3,5.2z\"\/>\n\t\t\t\t\t\t<\/svg>\n\t\t\t\t\t<\/span>\n\t\t\t\t<\/div>\n\t\t\t\t<div class=\"toggle-inner\">\nObermaterial:100% Polyester<br \/>\nInnenfutter: 100% Polyester<\/p>\n<p>Eco C-Infinity, besteht aus der gleichen hochwertigen Polyesterkomposition wie das bew\u00e4hrte C-Infinity \u2013 wird hingegen aus ausgedienten PET-Getr\u00e4nkeflaschen gewonnen, dabei weiterhin exklusiv f\u00fcr Funky Trunks\u00ae\/Funkita\u00ae in Italien hergestellt. Eco C-Infinity verleiht Abfall neues Leben, entlastet die Umwelt, ohne dadurch seine typischen Merkmale zu verlieren:<\/p>\n<ul>\n<li>absolute Chlorresistenz,<\/li>\n<li>50+ UV-Schutz,<\/li>\n<li>schnelltrocknend,<\/li>\n<li>beh\u00e4lt Form, Farbe und Materialeigenschaften auch nach unz\u00e4hligen Trainingsstunden im Wasser \u2013 egal, ob gechlort oder salzig.<\/li>\n<\/ul>\n<\/div>\n\t\t\t<\/div>\t<div class=\"toggle-item\">\n\t\t\t\t<div class=\"toggle-title \">\n\t\t\t\t\t<h6 class=\"toggle-name\">Gr\u00f6\u00dfen &amp; Passform<\/h6>\n\t\t\t\t\t<span class=\"plus\">\n\t\t\t\t\t\t<svg xmlns=\"http:\/\/www.w3.org\/2000\/svg\" viewBox=\"0 0 8.8 8.9\">\n\t\t\t\t\t\t<path d=\"M8.3,3.8H5.2V0.7C5.2,0.3,4.8,0,4.5,0h0C4.1,0,3.8,0.3,3.8,0.7v3.1H0.7C0.3,3.8,0,4.1,0,4.5v0\n\t\t\t\t\t\t\tc0,0.4,0.3,0.7,0.7,0.7h3.1v3.1c0,0.4,0.3,0.7,0.7,0.7h0c0.4,0,0.7-0.3,0.7-0.7V5.2h3.1c0.4,0,0.7-0.3,0.7-0.7v0\n\t\t\t\t\t\t\tC8.9,4.1,8.6,3.8,8.3,3.8z\"\/>\n\t\t\t\t\t\t<\/svg>\n\t\t\t\t\t<\/span>\n\t\t\t\t\t<span class=\"minus\">\n\t\t\t\t\t\t<svg xmlns=\"http:\/\/www.w3.org\/2000\/svg\" viewBox=\"0 0 8.9 9\">\n\t\t\t\t\t\t<path d=\"M8.3,5.2H0.7C0.3,5.2,0,4.8,0,4.5l0,0c0-0.4,0.3-0.7,0.7-0.7h7.6c0.4,0,0.7,0.3,0.7,0.7v0 C8.9,4.8,8.6,5.2,8.3,5.2z\"\/>\n\t\t\t\t\t\t<\/svg>\n\t\t\t\t\t<\/span>\n\t\t\t\t<\/div>\n\t\t\t\t<div class=\"toggle-inner\">Erh\u00e4ltlich in den Gr\u00f6\u00dfen 8 bis 14. <span style=\"color: #000000;\"><span style=\"font-family: Times New Roman, serif;\">(australische Gr\u00f6\u00dfen)<\/span><\/span><\/p>\n<p>Seitenstegh\u00f6he der Bikinihose bei Gr\u00f6\u00dfe 10 = 3,5 cm.<br \/>\nDas Bikinioberteil ist ideal f\u00fcr Cup A\u2013C.<\/p>\n<p>Damit&#8217;s aber auch sicher passt, vergleichen Sie bitte Ihre pers\u00f6nlichen Ma\u00dfe mit einem Klick mit denen in unseren Gr\u00f6\u00dfentabellen. Trotzdem unsicher? Wir helfen gerne.<\/div>\n\t\t\t<\/div><\/div>\n<\/div><\/div><\/div>\n","protected":false},"excerpt":{"rendered":"<h6>Sexy Strandbikini-Bikini<\/h6>\n<p>Zart wie der Fr\u00fchling selbst. Der Funkita\u00ae Spring Sun Tri Top Strandbikini ist ein tolles Beispiel daf\u00fcr, wie auch weniger \u201elaute\u201c Farben ein tolles Design erm\u00f6glichen.<\/p>\n<p>Ein h\u00fcbscher, eleganter Bikini, der neidische Blicke auf dich ziehen wird.<\/p>\n","protected":false},"featured_media":43733,"template":"","meta":[],"yoast_head":"<!-- This site is optimized with the Yoast SEO plugin v20.9 - https:\/\/yoast.com\/wordpress\/plugins\/seo\/ -->\n<title>Funkita\u00ae Spring Sun Tri Top Strandbikini | blue-aqua-sports<\/title>\n<meta name=\"description\" content=\"Zart wie der Fr\u00fchling selbst. Der Funkita\u00ae Spring Sun Tri Top Strandbikini ist ein tolles Beispiel daf\u00fcr, wie auch weniger \u201elaute\u201c Farben ein tolles Design erm\u00f6glichen. Ein h\u00fcbscher, eleganter Bikini, der neidische Blicke auf dich ziehen wird.\" \/>\n<meta name=\"robots\" content=\"index, follow, max-snippet:-1, max-image-preview:large, max-video-preview:-1\" \/>\n<link rel=\"canonical\" href=\"https:\/\/www.blue-aqua-sports.de\/?product=funkita-spring-sun-tri-top-strandbikini\" \/>\n<meta property=\"og:locale\" content=\"de_DE\" \/>\n<meta property=\"og:type\" content=\"article\" \/>\n<meta property=\"og:title\" content=\"Funkita\u00ae Spring Sun Tri Top Strandbikini | blue-aqua-sports\" \/>\n<meta property=\"og:description\" content=\"Zart wie der Fr\u00fchling selbst. Der Funkita\u00ae Spring Sun Tri Top Strandbikini ist ein tolles Beispiel daf\u00fcr, wie auch weniger \u201elaute\u201c Farben ein tolles Design erm\u00f6glichen. Ein h\u00fcbscher, eleganter Bikini, der neidische Blicke auf dich ziehen wird.\" \/>\n<meta property=\"og:url\" content=\"https:\/\/www.blue-aqua-sports.de\/?product=funkita-spring-sun-tri-top-strandbikini\" \/>\n<meta property=\"og:site_name\" content=\"blue-aqua-sports\" \/>\n<meta property=\"article:modified_time\" content=\"2026-03-03T19:43:29+00:00\" \/>\n<meta property=\"og:image\" content=\"https:\/\/www.blue-aqua-sports.de\/wp-content\/uploads\/2024\/10\/FKS049L_FKS041L72014-Spring-Sun-1.jpg\" \/>\n\t<meta property=\"og:image:width\" content=\"600\" \/>\n\t<meta property=\"og:image:height\" content=\"600\" \/>\n\t<meta property=\"og:image:type\" content=\"image\/jpeg\" \/>\n<meta name=\"twitter:card\" content=\"summary_large_image\" \/>\n<meta name=\"twitter:label1\" content=\"Gesch\u00e4tzte Lesezeit\" \/>\n\t<meta name=\"twitter:data1\" content=\"2\u00a0Minuten\" \/>\n<script type=\"application\/ld+json\" class=\"yoast-schema-graph\">{\"@context\":\"https:\/\/schema.org\",\"@graph\":[{\"@type\":\"WebPage\",\"@id\":\"https:\/\/www.blue-aqua-sports.de\/?product=funkita-spring-sun-tri-top-strandbikini\",\"url\":\"https:\/\/www.blue-aqua-sports.de\/?product=funkita-spring-sun-tri-top-strandbikini\",\"name\":\"Funkita\u00ae Spring Sun Tri Top Strandbikini | blue-aqua-sports\",\"isPartOf\":{\"@id\":\"https:\/\/www.blue-aqua-sports.de\/#website\"},\"datePublished\":\"2024-10-10T13:38:50+00:00\",\"dateModified\":\"2026-03-03T19:43:29+00:00\",\"description\":\"Zart wie der Fr\u00fchling selbst. Der Funkita\u00ae Spring Sun Tri Top Strandbikini ist ein tolles Beispiel daf\u00fcr, wie auch weniger \u201elaute\u201c Farben ein tolles Design erm\u00f6glichen. Ein h\u00fcbscher, eleganter Bikini, der neidische Blicke auf dich ziehen wird.\",\"breadcrumb\":{\"@id\":\"https:\/\/www.blue-aqua-sports.de\/?product=funkita-spring-sun-tri-top-strandbikini#breadcrumb\"},\"inLanguage\":\"de\",\"potentialAction\":[{\"@type\":\"ReadAction\",\"target\":[\"https:\/\/www.blue-aqua-sports.de\/?product=funkita-spring-sun-tri-top-strandbikini\"]}]},{\"@type\":\"BreadcrumbList\",\"@id\":\"https:\/\/www.blue-aqua-sports.de\/?product=funkita-spring-sun-tri-top-strandbikini#breadcrumb\",\"itemListElement\":[{\"@type\":\"ListItem\",\"position\":1,\"name\":\"Startseite\",\"item\":\"https:\/\/www.blue-aqua-sports.de\/\"},{\"@type\":\"ListItem\",\"position\":2,\"name\":\"Shop\",\"item\":\"https:\/\/www.blue-aqua-sports.de\/?page_id=11813\"},{\"@type\":\"ListItem\",\"position\":3,\"name\":\"Funkita\u00ae Spring Sun Tri Top Strandbikini\"}]},{\"@type\":\"WebSite\",\"@id\":\"https:\/\/www.blue-aqua-sports.de\/#website\",\"url\":\"https:\/\/www.blue-aqua-sports.de\/\",\"name\":\"blue-aqua-sports\",\"description\":\"Top-Produkte f\u00fcr den Schwimmsport\",\"potentialAction\":[{\"@type\":\"SearchAction\",\"target\":{\"@type\":\"EntryPoint\",\"urlTemplate\":\"https:\/\/www.blue-aqua-sports.de\/?s={search_term_string}\"},\"query-input\":\"required name=search_term_string\"}],\"inLanguage\":\"de\"}]}<\/script>\n<!-- \/ Yoast SEO plugin. -->","yoast_head_json":{"title":"Funkita\u00ae Spring Sun Tri Top Strandbikini | blue-aqua-sports","description":"Zart wie der Fr\u00fchling selbst. Der Funkita\u00ae Spring Sun Tri Top Strandbikini ist ein tolles Beispiel daf\u00fcr, wie auch weniger \u201elaute\u201c Farben ein tolles Design erm\u00f6glichen. Ein h\u00fcbscher, eleganter Bikini, der neidische Blicke auf dich ziehen wird.","robots":{"index":"index","follow":"follow","max-snippet":"max-snippet:-1","max-image-preview":"max-image-preview:large","max-video-preview":"max-video-preview:-1"},"canonical":"https:\/\/www.blue-aqua-sports.de\/?product=funkita-spring-sun-tri-top-strandbikini","og_locale":"de_DE","og_type":"article","og_title":"Funkita\u00ae Spring Sun Tri Top Strandbikini | blue-aqua-sports","og_description":"Zart wie der Fr\u00fchling selbst. Der Funkita\u00ae Spring Sun Tri Top Strandbikini ist ein tolles Beispiel daf\u00fcr, wie auch weniger \u201elaute\u201c Farben ein tolles Design erm\u00f6glichen. Ein h\u00fcbscher, eleganter Bikini, der neidische Blicke auf dich ziehen wird.","og_url":"https:\/\/www.blue-aqua-sports.de\/?product=funkita-spring-sun-tri-top-strandbikini","og_site_name":"blue-aqua-sports","article_modified_time":"2026-03-03T19:43:29+00:00","og_image":[{"width":600,"height":600,"url":"https:\/\/www.blue-aqua-sports.de\/wp-content\/uploads\/2024\/10\/FKS049L_FKS041L72014-Spring-Sun-1.jpg","type":"image\/jpeg"}],"twitter_card":"summary_large_image","twitter_misc":{"Gesch\u00e4tzte Lesezeit":"2\u00a0Minuten"},"schema":{"@context":"https:\/\/schema.org","@graph":[{"@type":"WebPage","@id":"https:\/\/www.blue-aqua-sports.de\/?product=funkita-spring-sun-tri-top-strandbikini","url":"https:\/\/www.blue-aqua-sports.de\/?product=funkita-spring-sun-tri-top-strandbikini","name":"Funkita\u00ae Spring Sun Tri Top Strandbikini | blue-aqua-sports","isPartOf":{"@id":"https:\/\/www.blue-aqua-sports.de\/#website"},"datePublished":"2024-10-10T13:38:50+00:00","dateModified":"2026-03-03T19:43:29+00:00","description":"Zart wie der Fr\u00fchling selbst. Der Funkita\u00ae Spring Sun Tri Top Strandbikini ist ein tolles Beispiel daf\u00fcr, wie auch weniger \u201elaute\u201c Farben ein tolles Design erm\u00f6glichen. Ein h\u00fcbscher, eleganter Bikini, der neidische Blicke auf dich ziehen wird.","breadcrumb":{"@id":"https:\/\/www.blue-aqua-sports.de\/?product=funkita-spring-sun-tri-top-strandbikini#breadcrumb"},"inLanguage":"de","potentialAction":[{"@type":"ReadAction","target":["https:\/\/www.blue-aqua-sports.de\/?product=funkita-spring-sun-tri-top-strandbikini"]}]},{"@type":"BreadcrumbList","@id":"https:\/\/www.blue-aqua-sports.de\/?product=funkita-spring-sun-tri-top-strandbikini#breadcrumb","itemListElement":[{"@type":"ListItem","position":1,"name":"Startseite","item":"https:\/\/www.blue-aqua-sports.de\/"},{"@type":"ListItem","position":2,"name":"Shop","item":"https:\/\/www.blue-aqua-sports.de\/?page_id=11813"},{"@type":"ListItem","position":3,"name":"Funkita\u00ae Spring Sun Tri Top Strandbikini"}]},{"@type":"WebSite","@id":"https:\/\/www.blue-aqua-sports.de\/#website","url":"https:\/\/www.blue-aqua-sports.de\/","name":"blue-aqua-sports","description":"Top-Produkte f\u00fcr den Schwimmsport","potentialAction":[{"@type":"SearchAction","target":{"@type":"EntryPoint","urlTemplate":"https:\/\/www.blue-aqua-sports.de\/?s={search_term_string}"},"query-input":"required name=search_term_string"}],"inLanguage":"de"}]}},"_links":{"self":[{"href":"https:\/\/www.blue-aqua-sports.de\/index.php?rest_route=\/wp\/v2\/product\/43728"}],"collection":[{"href":"https:\/\/www.blue-aqua-sports.de\/index.php?rest_route=\/wp\/v2\/product"}],"about":[{"href":"https:\/\/www.blue-aqua-sports.de\/index.php?rest_route=\/wp\/v2\/types\/product"}],"wp:featuredmedia":[{"embeddable":true,"href":"https:\/\/www.blue-aqua-sports.de\/index.php?rest_route=\/wp\/v2\/media\/43733"}],"wp:attachment":[{"href":"https:\/\/www.blue-aqua-sports.de\/index.php?rest_route=%2Fwp%2Fv2%2Fmedia&parent=43728"}],"curies":[{"name":"wp","href":"https:\/\/api.w.org\/{rel}","templated":true}]}}